{"id":3379,"date":"2015-06-04T09:00:06","date_gmt":"2015-06-04T09:00:06","guid":{"rendered":"https:\/\/chef-domicile.com\/?page_id=3379"},"modified":"2022-11-03T11:25:27","modified_gmt":"2022-11-03T10:25:27","slug":"contact","status":"publish","type":"page","link":"https:\/\/chef-domicile.com\/index.php\/fr\/contact\/","title":{"rendered":"Contact"},"content":{"rendered":"","protected":false},"excerpt":{"rendered":"","protected":false},"author":1,"featured_media":4575,"parent":0,"menu_order":0,"comment_status":"open","ping_status":"open","template":"","meta":[],"yoast_head":"<!-- This site is optimized with the Yoast SEO plugin v19.9 - https:\/\/yoast.com\/wordpress\/plugins\/seo\/ -->\n<title>Contact Julien Tartre Chef \u00e0 domicile POITIERS (86) 06 67 40 70 27<\/title>\n<meta name=\"description\" content=\"Contact Julien Tartre Chef \u00e0 domicile Chef Cuisinier 06 67 40 70 27 Poitiers Vienne 13 Rue de la Vall\u00e9e d&#039;Anguin 86800 Saint Julien l&#039;Ars Traiteur Poitiers\" \/>\n<meta name=\"robots\" content=\"index, follow, max-snippet:-1, max-image-preview:large, max-video-preview:-1\" \/>\n<link rel=\"canonical\" href=\"https:\/\/chef-domicile.com\/index.php\/fr\/contact\/\" \/>\n<meta property=\"og:locale\" content=\"fr_FR\" \/>\n<meta property=\"og:type\" content=\"article\" \/>\n<meta property=\"og:title\" content=\"Contact Julien Tartre Chef \u00e0 domicile POITIERS (86) 06 67 40 70 27\" \/>\n<meta property=\"og:description\" content=\"Contact Julien Tartre Chef \u00e0 domicile Chef Cuisinier 06 67 40 70 27 Poitiers Vienne 13 Rue de la Vall\u00e9e d&#039;Anguin 86800 Saint Julien l&#039;Ars Traiteur Poitiers\" \/>\n<meta property=\"og:url\" content=\"https:\/\/chef-domicile.com\/index.php\/fr\/contact\/\" \/>\n<meta property=\"og:site_name\" content=\"Julien Tartre Chef \u00e0 Domicile\" \/>\n<meta property=\"article:publisher\" content=\"https:\/\/www.facebook.com\/tartre.julien\/\" \/>\n<meta property=\"article:modified_time\" content=\"2022-11-03T10:25:27+00:00\" \/>\n<meta property=\"og:image\" content=\"https:\/\/chef-domicile.com\/wp-content\/uploads\/2015\/06\/Chef-Julien-4.jpg\" \/>\n\t<meta property=\"og:image:width\" content=\"2048\" \/>\n\t<meta property=\"og:image:height\" content=\"1365\" \/>\n\t<meta property=\"og:image:type\" content=\"image\/jpeg\" \/>\n<meta name=\"twitter:card\" content=\"summary_large_image\" \/>\n<meta name=\"twitter:label1\" content=\"Dur\u00e9e de lecture estim\u00e9e\" \/>\n\t<meta name=\"twitter:data1\" content=\"2 minutes\" \/>\n<script type=\"application\/ld+json\" class=\"yoast-schema-graph\">{\"@context\":\"https:\/\/schema.org\",\"@graph\":[{\"@type\":\"WebPage\",\"@id\":\"https:\/\/chef-domicile.com\/index.php\/fr\/contact\/\",\"url\":\"https:\/\/chef-domicile.com\/index.php\/fr\/contact\/\",\"name\":\"Contact Julien Tartre Chef \u00e0 domicile POITIERS (86) 06 67 40 70 27\",\"isPartOf\":{\"@id\":\"https:\/\/chef-domicile.com\/#website\"},\"datePublished\":\"2015-06-04T09:00:06+00:00\",\"dateModified\":\"2022-11-03T10:25:27+00:00\",\"description\":\"Contact Julien Tartre Chef \u00e0 domicile Chef Cuisinier 06 67 40 70 27 Poitiers Vienne 13 Rue de la Vall\u00e9e d'Anguin 86800 Saint Julien l'Ars Traiteur Poitiers\",\"breadcrumb\":{\"@id\":\"https:\/\/chef-domicile.com\/index.php\/fr\/contact\/#breadcrumb\"},\"inLanguage\":\"fr-FR\",\"potentialAction\":[{\"@type\":\"ReadAction\",\"target\":[\"https:\/\/chef-domicile.com\/index.php\/fr\/contact\/\"]}]},{\"@type\":\"BreadcrumbList\",\"@id\":\"https:\/\/chef-domicile.com\/index.php\/fr\/contact\/#breadcrumb\",\"itemListElement\":[{\"@type\":\"ListItem\",\"position\":1,\"name\":\"Accueil\",\"item\":\"https:\/\/chef-domicile.com\/index.php\/fr\/accueil\/\"},{\"@type\":\"ListItem\",\"position\":2,\"name\":\"Contact\"}]},{\"@type\":\"WebSite\",\"@id\":\"https:\/\/chef-domicile.com\/#website\",\"url\":\"https:\/\/chef-domicile.com\/\",\"name\":\"Julien Tartre Chef \u00e0 Domicile\",\"description\":\"Cuisiner et faire Plaisir \u00e0 Poitiers\",\"publisher\":{\"@id\":\"https:\/\/chef-domicile.com\/#organization\"},\"potentialAction\":[{\"@type\":\"SearchAction\",\"target\":{\"@type\":\"EntryPoint\",\"urlTemplate\":\"https:\/\/chef-domicile.com\/?s={search_term_string}\"},\"query-input\":\"required name=search_term_string\"}],\"inLanguage\":\"fr-FR\"},{\"@type\":\"Organization\",\"@id\":\"https:\/\/chef-domicile.com\/#organization\",\"name\":\"Julien Tartre Chef \u00e0 Domicile\",\"url\":\"https:\/\/chef-domicile.com\/\",\"logo\":{\"@type\":\"ImageObject\",\"inLanguage\":\"fr-FR\",\"@id\":\"https:\/\/chef-domicile.com\/#\/schema\/logo\/image\/\",\"url\":\"https:\/\/chef-domicile.com\/wp-content\/uploads\/2017\/07\/logo-petit.png\",\"contentUrl\":\"https:\/\/chef-domicile.com\/wp-content\/uploads\/2017\/07\/logo-petit.png\",\"width\":150,\"height\":150,\"caption\":\"Julien Tartre Chef \u00e0 Domicile\"},\"image\":{\"@id\":\"https:\/\/chef-domicile.com\/#\/schema\/logo\/image\/\"},\"sameAs\":[\"https:\/\/www.facebook.com\/tartre.julien\/\"]}]}<\/script>\n<!-- \/ Yoast SEO plugin. -->","yoast_head_json":{"title":"Contact Julien Tartre Chef \u00e0 domicile POITIERS (86) 06 67 40 70 27","description":"Contact Julien Tartre Chef \u00e0 domicile Chef Cuisinier 06 67 40 70 27 Poitiers Vienne 13 Rue de la Vall\u00e9e d'Anguin 86800 Saint Julien l'Ars Traiteur Poitiers","robots":{"index":"index","follow":"follow","max-snippet":"max-snippet:-1","max-image-preview":"max-image-preview:large","max-video-preview":"max-video-preview:-1"},"canonical":"https:\/\/chef-domicile.com\/index.php\/fr\/contact\/","og_locale":"fr_FR","og_type":"article","og_title":"Contact Julien Tartre Chef \u00e0 domicile POITIERS (86) 06 67 40 70 27","og_description":"Contact Julien Tartre Chef \u00e0 domicile Chef Cuisinier 06 67 40 70 27 Poitiers Vienne 13 Rue de la Vall\u00e9e d'Anguin 86800 Saint Julien l'Ars Traiteur Poitiers","og_url":"https:\/\/chef-domicile.com\/index.php\/fr\/contact\/","og_site_name":"Julien Tartre Chef \u00e0 Domicile","article_publisher":"https:\/\/www.facebook.com\/tartre.julien\/","article_modified_time":"2022-11-03T10:25:27+00:00","og_image":[{"width":2048,"height":1365,"url":"https:\/\/chef-domicile.com\/wp-content\/uploads\/2015\/06\/Chef-Julien-4.jpg","type":"image\/jpeg"}],"twitter_card":"summary_large_image","twitter_misc":{"Dur\u00e9e de lecture estim\u00e9e":"2 minutes"},"schema":{"@context":"https:\/\/schema.org","@graph":[{"@type":"WebPage","@id":"https:\/\/chef-domicile.com\/index.php\/fr\/contact\/","url":"https:\/\/chef-domicile.com\/index.php\/fr\/contact\/","name":"Contact Julien Tartre Chef \u00e0 domicile POITIERS (86) 06 67 40 70 27","isPartOf":{"@id":"https:\/\/chef-domicile.com\/#website"},"datePublished":"2015-06-04T09:00:06+00:00","dateModified":"2022-11-03T10:25:27+00:00","description":"Contact Julien Tartre Chef \u00e0 domicile Chef Cuisinier 06 67 40 70 27 Poitiers Vienne 13 Rue de la Vall\u00e9e d'Anguin 86800 Saint Julien l'Ars Traiteur Poitiers","breadcrumb":{"@id":"https:\/\/chef-domicile.com\/index.php\/fr\/contact\/#breadcrumb"},"inLanguage":"fr-FR","potentialAction":[{"@type":"ReadAction","target":["https:\/\/chef-domicile.com\/index.php\/fr\/contact\/"]}]},{"@type":"BreadcrumbList","@id":"https:\/\/chef-domicile.com\/index.php\/fr\/contact\/#breadcrumb","itemListElement":[{"@type":"ListItem","position":1,"name":"Accueil","item":"https:\/\/chef-domicile.com\/index.php\/fr\/accueil\/"},{"@type":"ListItem","position":2,"name":"Contact"}]},{"@type":"WebSite","@id":"https:\/\/chef-domicile.com\/#website","url":"https:\/\/chef-domicile.com\/","name":"Julien Tartre Chef \u00e0 Domicile","description":"Cuisiner et faire Plaisir \u00e0 Poitiers","publisher":{"@id":"https:\/\/chef-domicile.com\/#organization"},"potentialAction":[{"@type":"SearchAction","target":{"@type":"EntryPoint","urlTemplate":"https:\/\/chef-domicile.com\/?s={search_term_string}"},"query-input":"required name=search_term_string"}],"inLanguage":"fr-FR"},{"@type":"Organization","@id":"https:\/\/chef-domicile.com\/#organization","name":"Julien Tartre Chef \u00e0 Domicile","url":"https:\/\/chef-domicile.com\/","logo":{"@type":"ImageObject","inLanguage":"fr-FR","@id":"https:\/\/chef-domicile.com\/#\/schema\/logo\/image\/","url":"https:\/\/chef-domicile.com\/wp-content\/uploads\/2017\/07\/logo-petit.png","contentUrl":"https:\/\/chef-domicile.com\/wp-content\/uploads\/2017\/07\/logo-petit.png","width":150,"height":150,"caption":"Julien Tartre Chef \u00e0 Domicile"},"image":{"@id":"https:\/\/chef-domicile.com\/#\/schema\/logo\/image\/"},"sameAs":["https:\/\/www.facebook.com\/tartre.julien\/"]}]}},"_links":{"self":[{"href":"https:\/\/chef-domicile.com\/index.php\/wp-json\/wp\/v2\/pages\/3379"}],"collection":[{"href":"https:\/\/chef-domicile.com\/index.php\/wp-json\/wp\/v2\/pages"}],"about":[{"href":"https:\/\/chef-domicile.com\/index.php\/wp-json\/wp\/v2\/types\/page"}],"author":[{"embeddable":true,"href":"https:\/\/chef-domicile.com\/index.php\/wp-json\/wp\/v2\/users\/1"}],"replies":[{"embeddable":true,"href":"https:\/\/chef-domicile.com\/index.php\/wp-json\/wp\/v2\/comments?post=3379"}],"version-history":[{"count":128,"href":"https:\/\/chef-domicile.com\/index.php\/wp-json\/wp\/v2\/pages\/3379\/revisions"}],"predecessor-version":[{"id":5492,"href":"https:\/\/chef-domicile.com\/index.php\/wp-json\/wp\/v2\/pages\/3379\/revisions\/5492"}],"wp:featuredmedia":[{"embeddable":true,"href":"https:\/\/chef-domicile.com\/index.php\/wp-json\/wp\/v2\/media\/4575"}],"wp:attachment":[{"href":"https:\/\/chef-domicile.com\/index.php\/wp-json\/wp\/v2\/media?parent=3379"}],"curies":[{"name":"wp","href":"https:\/\/api.w.org\/{rel}","templated":true}]}}